iple of 26?
False
Let p = 388 - 209. Suppose 10*z - p - 411 = 0. Is z a multiple of 26?
False
Suppose 0*v + 330 = -2*v. Let p be (-1)/(-6) + (-8382)/(-36). Let l = p + v. Does 14 divide l?
False
Let x be -4 + 4/(-1) + 0. Let b(o) = -o**3 - 8*o**2 + 2. Let f be b(x). Let j(t) = 25*t**2 - 4*t - 2. Does 36 divide j(f)?
False
Suppose -434 = -w + 5*v, -w + 4*v = 2*w - 1258. Is w a multiple of 18?
True
Let p be (2*7/3)/((-2)/(-3)). Suppose p*t - 84 = t. Is t even?
True
Suppose 27*f = 23*f + 152. Is f a multiple of 3?
False
Let j(c) = c**2 - c - 1. Let t(q) = -3*q**2 + 7*q + 10. Let s(f) = 5*j(f) + t(f). Is 18 a factor of s(-5)?
False
Let i(v) = v**3 - 13*v**2 - 5*v + 75. Is i(14) a multiple of 17?
False
Does 87 divide (-5394)/(-10) + (-6)/(-10)?
False
Suppose -6*h = -8*h - 14. Let i(o) = 3*o**2 - 3*o + 17. Is i(h) a multiple of 37?
True
Suppose 20 = -5*d + 275. Suppose o = 2*o + 34. Let r = d + o. Is 17 a factor of r?
True
Let y = 142 + -55. Does 14 divide y?
False
Let o(c) be the second derivative of 22*c**3/3 + c**2/2 + 38*c. Is o(1) a multiple of 3?
True
Let q be 61 + 0 + 13/(-13). Let l = q - -44. Is l a multiple of 19?
False
Suppose 2*w - 33 = 5*b - 12, -3*b + 9 = 0. Let t(j) = j**3 + 8*j**2 + 4*j + 1. Let i be t(-5). Suppose -2*z + i = -w. Does 7 divide z?
False
Let t(w) = -15*w + 3. Let y be t(5). Let i = -63 - y. Is i a multiple of 4?
False
Suppose 31*r + 61650 = 46*r. Is r a multiple of 137?
True
Is 34 a factor of 3/(((75/1720)/5)/2)?
False
Let u = 975 - -667. Does 89 divide u?
False
Let a(b) be the second derivative of b**3/2 - b**2 + b + 5. Suppose 0*u - 3*u + 6 = -2*j, 5*u + 3*j = 29. Does 4 divide a(u)?
False
Let p(k) = k**3 + 6*k**2 + 2*k + 6. Let s be p(-6). Let d be ((-32)/s)/(6/(-45)). Is (-22)/(-8) - 10/d a multiple of 3?
True
Suppose -2*k + 4 = -4. Let h be (k + -10 - -4)*-1. Suppose 0 = -h*m + 104 + 16. Is m a multiple of 10?
True
Let q(a) = -5*a + 29*a**2 - 30*a**2 + 24 - 5*a. Is q(-8) a multiple of 10?
True
Let d(r) = -47*r - r**3 + 133*r + 9*r**2 - 46*r - 44*r. Let v be 11/2 + 1/2. Is 21 a factor of d(v)?
True
Suppose 1 = x + 2. Let z(v) = -12*v**2 - v - 1. Let r be z(x). Does 7 divide 86/6 - r/(-36)?
True
Suppose 2*c = 4*k - 4 - 142, -k = -5*c - 14. Does 13 divide k?
True
Suppose 0 = -4*k - 66 + 290. Suppose -b = b - k. Does 10 divide b/21*135/6?
True
Let z = 42 + -38. Suppose -4*y - 68 = -z*d, d + 2*y = -2*d + 61. Is d a multiple of 19?
True
Let l = 21 - -20. Suppose -5*p = l + 19. Let q = 21 + p. Is 2 a factor of q?
False
Let g be 1 - ((-10)/2 - 0). Let x = -163 + 162. Does 16 divide (-372)/g*x/2?
False
Let r(p) = 11*p**3 + 19*p**2 - 48*p + 5. Does 8 divide r(3)?
False
Let v = -62 + -39. Let u = v - -105. Is u a multiple of 4?
True
Let x be 6/(-5)*(-28 - 2)*1. Suppose 19 = b - 3*h, -b - 2*h = -4*b + x. Is 7 a factor of b?
False
Suppose 0 = 13*o - 31662 - 2229. Is 28 a factor of o?
False
Let v be (-1 + 2)/(6/18). Suppose -16 = -v*z + 380. Is 33 a factor of z?
True
Suppose 4 = -2*d + 38. Does 5 divide d?
False
Let z be 1300/(-18) + -4 + (-228)/(-54). Let r = z - -147. Is r a multiple of 27?
False
Let y = 370 - 310. Is y a multiple of 5?
True
Let s(j) = 4*j. Let u(c) = 4*c. Let q(o) = 5*s(o) - 6*u(o). Does 4 divide q(-5)?
True
Suppose 4*d + 151 = 31. Is 6 a factor of (-12)/d + (-399)/(-15)?
False
Let m = -1058 - -1264. Is m a multiple of 5?
False
Suppose 4*n = 20, 6 = -5*c + n + 76. Let o = 15 - c. Suppose o = 4*r - 402 + 102. Is 15 a factor of r?
True
Suppose -3*t + 2031 = -3*b, 61*b = 4*t + 56*b - 2706. Is t a multiple of 19?
False
Let t be (-6)/15 - 406/10. Let d = 15 - t. Is d a multiple of 28?
True
Let n = -255 - -103. Let z = 4 - 3. Is z/(1 + n/156) a multiple of 15?
False
Let b be (-1)/3*12/(-8)*2. Is 5 a factor of 2 - (b - (-7)/3*-3)?
False
Let b(l) = -l. Let d(k) = 4*k - 5. Let u(x) = -3*b(x) - d(x). Let t = 23 - 28. Does 5 divide u(t)?
True
Suppose -4*h - 2*h + 972 = 0. Let k = h - 22. Does 22 divide k?
False
Let d = -59 - 255. Let q = 579 + d. Suppose 5*c + 2*u = q, -5*u + 5 = -4*u. Is 17 a factor of c?
True
Let d(a) = 2*a**2 + 14*a - 7. Let m = -52 + 58. Does 42 divide d(m)?
False
Suppose 0 = 2*c + 4*u + 44, -7*u + 2*u = 5*c + 85. Is -8*(7 - 2)*c/10 a multiple of 6?
True
Suppose -4*j - 5*d + 580 = 0, 725 = j + 4*j + 3*d. Is j a multiple of 39?
False
Suppose -224*a + 228*a - 5700 = 0. Is 57 a factor of a?
True
Let g = 35 + -77. Let l = 86 + g. Is 18 a factor of l?
False
Suppose l - 230 = -i, -3*i + 705 = 3*l - 5*i. Let j = l + -154. Is j a multiple of 21?
False
Suppose 5*m = 2*s - 31, 0 = -4*s - 3*m + 24 + 51. Let y = 57 - s. Is y a multiple of 13?
True
Suppose -4*v = 4*u - 1176, 0 = -2*v + 3*u - 178 + 766. Is 30 a factor of v?
False
Suppose 15 = -q + 3*h, 3*h = -q - 3*q + 15. Is (q + -78)*(-11)/33 a multiple of 11?
False
Let z = 195 - 83. Does 25 divide z?
False
Let i = -2 + 4. Suppose -i*w - 2*w = -12. Suppose w + 57 = 4*o. Is 6 a factor of o?
False
Let u = 30 + -10. Let p = u - 21. Let a(z) = -6*z + 2. Is a(p) a multiple of 2?
True
Let j(l) = -l**2 - 15*l - 38. Let y be j(-11). Suppose 0 = -g - g + 312. Suppose 2*t = y*t - g. Does 13 divide t?
True
Let m(d) = -d**2 + 8*d + 32. Let y be 2 + 0 + (6 - 5)*7. Is m(y) a multiple of 4?
False
Let p be (-5 + 3)*-48*1. Suppose -p = 3*h - 8*h + 2*i, -5*h = 3*i - 106. Is 4 a factor of h?
True
Let b = -388 - -482. Is 5 a factor of b?
False
Let k be 0 + 4 - (-1 - -3). Suppose 3*s - 2*q = 7, -k = -s - 5*q + 6. Suppose 0 = -a - d + 21, 2*a = 6*d - s*d + 42. Is 6 a factor of a?
False
Let y be (-4 - -6 - 3)*-186. Suppose 4*j + 3*z = y, -j - 4*z = -z - 51. Does 9 divide j?
True
Suppose 3*b - 1 = 2*l - 2, 0 = -2*l + 5*b - 9. Suppose -l*t = -6*t + 174. Is 3 - (-1)/((-1)/t) a multiple of 30?
True
Let x(l) = -10*l**3 - l**2 + 36*l + 143. Is x(-5) a multiple of 11?
True
Let b(v) = -156 - 26*v + 152 + 2*v - 7*v. Is 11 a factor of b(-2)?
False
Let m = 205 + -98. Let d be -1 + 2 + m + 0. Suppose 3*k + 0*k = y + d, y + 144 = 4*k. Is 18 a factor of k?
True
Let m = -1788 + 1996. Is 4 a factor of m?
True
Suppose -12*k = -10*k + 60. Let h = 37 + k. Is h a multiple of 5?
False
Let h(r) = -6*r + 7. Let z be h(2). Is 20 a factor of 10/4*(-46)/z?
False
Suppose 34*x - 11860 = -1490. Does 7 divide x?
False
Suppose -s - 4*s = 4*u - 7825, 0 = -5*s - 3*u + 7820. Suppose -14*w - s = -4767. Is 30 a factor of w?
False
Suppose -280 = -5*v - 15. Let a = 209 - 204. Suppose -259 = -3*d + 5*c, a*c + v = 5*d - 362. Is 27 a factor of d?
False
Let t = -1019 - -1114. Does 19 divide t?
True
Suppose -3*q + 462 = -g - 4*g, g + 5*q = -70. Let f(a) = -4*a**3 + a**2 - 3*a. Let b be f(-3). Let r = g + b. Is 12 a factor of r?
True
Let a be (30/(-9) + 0)/(5/15). Is ((-5)/a - 2)/(2/(-28)) a multiple of 4?
False
Let j(a) = 2*a - 7. Let s(z) = 5*z - 22. Let q(h) = 8*j(h) - 3*s(h). Does 16 divide q(6)?
True
Let a = -322 - -634. Does 24 divide a?
True
Let q(x) = 49*x**2 - 4*x + 0*x - 3*x**3 - 3 - 52*x**2. Let n = 4 - 6. Does 5 divide q(n)?
False
Let m(p) = p - 3. Let t be m(5). Let r be ((-50)/4)/(-5)*t. Does 19 divide ((-32)/r)/(2/(-25))?
False
Let p(y) = 2*y + 4 + 0*y - 12*y. Suppose 0 = -a - 14*a - 45. Is 7 a factor of p(a)?
False
Let d be 1*2*5/(50/(-15)). Does 20 divide (d + 3)*1/2 - -199?
False
Suppose k = -r + 968, -18*k + 20*k + 3*r - 1935 = 0. Is 57 a factor of k?
True
Suppose 49*o - 22380 = 29*o. Is o a multiple of 77?
False
Let l(w) = w**2 + 7*w + 5. Let v be l(-7). Suppose z + 17 = -4*j - 2*z, 3*j = v*z + 9. Let u = j - -38. Is u a multiple of 9?
True
Let q be (-392)/5 + (-16)/(-40). Let z = -53 - q. Does 2 divide z?
False
Let v(f) = 3*f**3 - 2*f**2 - 22*f - 8. Is 102 a factor of v(8)?
True
Suppose 32*f - 31*f - 2072 = 5*h, -h - 4 = 0. Is 27 a factor of f?
True
Suppose b - 2*y = 8, b + 4*y = -0*y - 4. Suppose x + 724 - 156 = b*s, -4*s + 4*x + 556 = 0. Is s a multiple of 11?
True
Let a(x) = 2*x**2 + 3*x + 42. Is a(8) a multiple of 26?
False
Let a = 6 + -13. Let w = a - -22. Is w a multiple of 14?
False
Suppose -245 = 12*n - 2945. Suppose -12*h = -783 - n. Does 15 divide h?
False
Let n(h) be the third derivative of 11*h**5/60 + h**4/6 - h**3 + 10*h**2. Is 9 a factor of n(3)?
False
Suppose -178 = -2*c - 5*a, -2*a - 31 = -c + 58. Let o = c + -65. Is 8 a factor of o?
True
Let w(n) = -n**3 - 18*n**2 + 15*n + 20. Let i